*q**2/2 - 19*q. Give v(-4).
-5
Suppose 5*k = 2*p - 39, 5*k = p + 2*p - 46. Let w(v) = 12*v - 1 + p*v**2 - v - 3*v + 6 + v**3. What is w(-6)?
-7
Suppose -3*b - 6*k + 6 = -4*k, -4*b + 4*k + 8 = 0. Let c(u) = u**3 - 2. What is c(b)?
6
Let h(x) be the first derivative of -x**4/4 + 8*x**3/3 - 3*x**2 - 9*x - 4. Determine h(7).
-2
Suppose 3*k - 4*j = -3*j + 14, 16 = 2*k - 4*j. Let s(v) = -2*v**2 + 5*v + 4. What is s(k)?
-8
Let m(w) be the first derivative of 5/2*w**2 + 1/6*w**3 - 1/12*w**4 - w + 3. Let k(l) be the first derivative of m(l). Calculate k(4).
-7
Let w = 73 - 67. Let j(b) = b**2 - 5*b + 3. What is j(w)?
9
Let m(o) = -3*o + 1. Let b be m(1). Let r(u) = -7*u - 1. Determine r(b).
13
Suppose 4*h = -4*t - 23 + 3, -19 = 3*h - t. Let q(k) = -k**2 - 7*k - 5. What is q(h)?
1
Let t be (2/3)/(1/3). Let v(m) be the second derivative of -5*m**3/6 + m**2 + m. Give v(t).
-8
Let s(n) = 3 - 3*n - 4*n + 3*n. Suppose 3 + 6 = -3*w. Let h be (-1 - 1)*w/3. Determine s(h).
-5
Let l(z) = -z**2 + 8*z - 9. Let r be l(2). Let j(y) = y - 4. Give j(r).
-1
Let u = -7 + 9. Let z(m) = m + 6. Let l be z(-3). Suppose -u = -l*c + c. Let x(f) = -8*f**3 + f. Give x(c).
-7
Let r(v) = v**2 - 9*v + 10. Let y be r(7). Let l(h) be the second derivative of -h**4/12 - h**3/6 + 3*h**2/2 + h. Give l(y).
-9
Let o be 4/(-6) - 1/3. Let b(a) = 2*a**3 + a + 2. Let q(p) = p**2 - 1. Let r(j) = o*b(j) - 2*q(j). Suppose 0 = 8*w - 3*w + 5. Determine r(w).
1
Let k(x) = 0*x**2 - 2*x**2 + 2*x + 1 + 0*x**2 - 5*x**2. Determine k(-1).
-8
Let a be 18 - ((-2)/2 - 0). Suppose -4*w = 5 + a. Let d(k) = -k - 2. Calculate d(w).
4
Let r(h) = h - 8. Let v(g) = 2*g**2 + 5*g + 3. Let u be v(-3). Determine r(u).
-2
Suppose 0 + 1 = -3*i - 4*l, 3*i - l - 19 = 0. Let s(j) = -j + 1. What is s(i)?
-4
Suppose -4*r + 9*r = 0. Let x(w) = w**2 - 2. Let l be x(2). Let p(i) = -i**3 + 5*i - 6*i + 2*i**2 + 4 - i**l. What is p(r)?
4
Let n(d) = 2*d - 30. Let j be n(9). Let a(y) = y**3 + 12*y**2 + y + 13. Give a(j).
1
Let d(k) be the third derivative of -k**5/40 + k**4/8 - k**3/6 - 3*k**2. Let h(p) be the first derivative of d(p). Give h(2).
-3
Let n(a) = 2*a. Suppose 0 = -3*s + 5*h + 25, -4*h = 4*s - 5*h - 22. Determine n(s).
10
Let f = 12 - 8. Let o(i) = -2*i + 13. Let m(h) = -h + 6. Let n(b) = 9*m(b) - 4*o(b). Let j be n(f). Let x(l) = -l**3 - 2*l**2 + 2*l + 1. Determine x(j).
-3
Let p(h) be the first derivative of -h**3/3 + 2*h**2 - 4*h + 2. Suppose -3*u + 24 = -6*v + 3*v, 0 = -3*v - 12. What is p(u)?
-4
Let n(i) be the first derivative of i**3/3 - i**2 + 2*i - 20. Let b(m) = -m + 2. Suppose -2*k - 4*j + 12 = 0, -3*j + 5*j - 6 = -5*k. Let u be b(k). Give n(u).
2
Let a(m) = -m - 1. Let f be a(-5). Suppose 2 = -f*v - 6. Let q(p) = -2 + 0 + 3*p + 2. What is q(v)?
-6
Suppose f = x - 8, 3*f + 7 + 5 = -x. Suppose 0 = -x*v - 1 + 4. Let o(i) = -10*i**2 + 3*i - 3*i + 1. Calculate o(v).
-9
Let v(m) be the first derivative of -m**5/60 - m**4/8 + m**3/6 + 2*m**2 - 7. Let p(k) be the second derivative of v(k). Suppose -5*i + i - 8 = 0. What is p(i)?
3
Let p = 11 + -4. Let z = -15 + p. Let n(k) = -k - 11. Give n(z).
-3
Let f(x) = -1 - x - 2 + 5. Suppose 7*a + 38 = 9*a. Let q(v) = v - 14. Let z be q(a). What is f(z)?
-3
Suppose -2*l + 6 = 0, 6*v - 3 = 3*v - l. Let n(p) = -p**3 - p - 3*p**2 - 1 + 4*p**2 + v*p**3. Calculate n(-2).
13
Let l(a) = -a**2 - a + 1. Let h(i) be the first derivative of -i**2/2 + 7*i - 1. Let c be h(5). Determine l(c).
-5
Suppose -2*f + 5*f = w - 1, 4*f + 13 = -w. Let r be 8/w - (-8)/(-20). Let u(l) = -2*l**2 - 4*l - 2. What is u(r)?
-2
Let p = 1 - 4. Let c(h) = 84*h**3 - 85*h**3 - 3*h**2 + 2 - 3. What is c(p)?
-1
Let b = -5 + 6. Let q(r) = 2 - b + 2*r + 0 + 0. What is q(-5)?
-9
Let p be -4*(1 + -2) + -1. Suppose -3 - 3 = -p*s. Let j be (3/1 - s) + 2. Let f(v) = -v**3 + 2*v**2 + v - 1. Calculate f(j).
-7
Let p(v) = 4*v - 1 - 8*v + 0*v. What is p(1)?
-5
Let a(k) = 3*k**3 + 9*k**3 + 1 - k**3. Determine a(-1).
-10
Let j(l) = l + 2. Let h(d) = d - 6. Let u(r) = r - 5. Let b(z) = -4*h(z) + 6*u(z). Let o be b(4). Determine j(o).
4
Suppose h + 5*c + 7 - 27 = 0, -h + 12 = 3*c. Suppose -5*y - 5 = -h. Let z(q) be the first derivative of q**3 + q + 1. What is z(y)?
4
Let b(t) be the second derivative of -t**3/6 + 3*t**2/2 + 7*t. Let l be 4/10 - (-4)/(-10). Suppose 2*g = -l*m + m + 4, 2*g - 20 = 5*m. Determine b(g).
3
Let z(r) = r**2 - 6*r. Let x(o) = -o**2 - 12*o - 13. Let j be x(-10). What is z(j)?
7
Let v(x) be the first derivative of -x**5/60 + x**4/12 + x**3/2 + x**2/2 - 2. Let t(h) be the second derivative of v(h). Calculate t(4).
-5
Let s(l) = -5*l - l**2 - 10 - 10 + 24. What is s(-6)?
-2
Let l(h) be the first derivative of -h**3/3 - h**2/2 - 6*h + 34. Calculate l(0).
-6
Suppose 8 = 2*f + 2*f. Let m(r) = f*r - r - 1 + 0*r + 0. Give m(1).
0
Suppose 2*u - o - 2 = 3*u, -3*u + 4*o + 1 = 0. Let f(r) = -8*r - 1. What is f(u)?
7
Let o(z) = -z**3 - 5*z**2 + 6*z + 2. Let w be o(-6). Let x be w + -1 - (-1)/1. Let v(n) = 4*n**x + 6*n - 5*n - 3 - 4*n - n**3. Give v(3).
-3
Let u(p) be the second derivative of -p**3/2 - p**2/2 - 4*p. Determine u(1).
-4
Let q(u) be the second derivative of u**5/20 - u**4/6 - u**3/3 + u**2 - 2*u. Suppose -2*o = -7*o + 10. Give q(o).
-2
Let m(l) = l**2 + 3*l - 4. Suppose w + 40 = 3*w. Suppose k = 0, -d - d + 4 = 5*k. Let r be d/(-4) + w/(-8). Determine m(r).
-4
Let z(l) be the first derivative of -l**6/360 - 7*l**5/120 + l**4/24 - l**3/3 - 5. Let p(a) be the third derivative of z(a). Determine p(-6).
7
Suppose -24*o - 9 = -27*o. Let p(b) be the first derivative of 3 - 1/2*b**2 + b + 3/4*b**4 + 1/3*b**o. What is p(1)?
4
Let a(z) = 2*z**2 + 2*z + 4. Let o be a(0). Let x(q) = q**2 - 4*q + 1. Give x(o).
1
Let a(h) be the first derivative of -1/4*h**4 + 5*h + 5 - 2*h**3 - 3/2*h**2. What is a(-5)?
-5
Let l be ((-9)/2)/((-12)/(-80)*5). Let c(a) = -a - 2. Determine c(l).
4
Let f(j) = j**2 - 3*j + 2. Let i = 85 - 81. What is f(i)?
6
Let j be (3 + -7)*(-2 + 1). Suppose -h - h + 6 = 0. Let u(b) = -j*b + h + 3*b - 4. Determine u(-5).
4
Let h(j) = -j**3 - 4*j**2 + 6*j. Let y be 30/8 - (-2)/8. Suppose 5*g + 18 = y*i, 5*i - 7*g + 3*g - 18 = 0. Suppose -i*c + 2 = 12. Give h(c).
-5
Let b(m) = m**2 + 6*m + 7. Suppose p - 12 = 4*z - 48, -45 = -5*z + 5*p. Let j(y) = y**3 - 8*y**2 - 9*y - 6. Let g be j(z). Calculate b(g).
7
Let y be 2/4*-2*11. Let c = -7 - y. Let n(g) be the first derivative of g**2/2 - 3*g - 1. Determine n(c).
1
Let p(g) = -4*g + 4. Suppose -2*w = 2*w - 4*t + 8, -5*t = 3*w - 10. Let y be 2 - (2 + -3 - w). Calculate p(y).
-8
Let v = -23 - -21. Let c = 4 + v. Let h(r) = r**2 - 3*r. Give h(c).
-2
Let c be (-2)/2*(2 + -3). Let d be 91/21 - c/3. Let z(s) = 7 - s**2 + d*s - s**2 + 2*s**2 - s**2. What is z(5)?
2
Suppose -2*f + 0*f = 0. Suppose i + i - 3*d - 3 = f, 5*d - 8 = -i. Let l(b) = -4 + 2*b**2 - b**2 + i*b - 4*b + 2*b. Determine l(-3).
2
Let w(m) = -3*m. Suppose l - 5*l + 8 = 0, f = 2*l - 1. Determine w(f).
-9
Let o = -126599/120 - -1055. Let g(x) be the third derivative of 0*x + 0 - 1/3*x**3 + 1/24*x**4 + 4*x**2 + o*x**6 - 1/30*x**5. Give g(2).
0
Let l(f) = f + 6. Let m(y) = -2*y - 6. Let r(q) = -2*l(q) - 3*m(q). Let x(u) = u + 1. Let s be 1 - 0/1 - -2. Let b(i) = s*x(i) - r(i). Determine b(0).
-3
Let x(v) = -v**2 - 3*v. Suppose 0 = -d - 2*d - 9. Calculate x(d).
0
Let f(x) = -x**3 + 4*x**2 + 3*x - 6. Let m(h) = h**3 - 5*h**2 - 4*h + 7. Let z(d) = 3*f(d) + 2*m(d). Determine z(3).
-10
Let p(i) = 69*i**2 - 68*i**2 - 2*i - 2*i - 1. Let z be (-6)/(-2 - -1) - 1. Give p(z).
4
Suppose -3*n + 31 = 5*o, 3*o - 3 = 12. Let a(f) be the second derivative of 5/2*f**n + 3*f + 1/6*f**3 + 0. Calculate a(0).
5
Let g(s) = s - 5. Let f = -11 + 18. Let c be g(f). Let d(j) = -9*j + 37*j**2 - 36*j**2 + 8*j. Give d(c).
2
Let t(j) = 6*j. Let c be t(-1). Let d(b) be the second derivative of b**4/12 + b**3 + b**2/2 - 2*b. Give d(c).
1
Let u = -47 + 51. Let w = 3 + 1. Let s(i) = 5*i**2 + 4 + w*i**3 + 0*i**3 - 5*i**3 - 5*i. Determine s(u).
0
Let n(j) = 7*j**3 - 6*j**2 - 7*j - 6. Let q(f) = -8*f**3 + 7*f**2 + 8*f + 7. Let z(t) = -6*n(t) - 5*q(t). Suppose 2*y = -2, -3 = 4*c - 3*y - 2. Calculate z(c).
2
Let l(j) be the third derivative of -j**6/120 + j**5/6 - 5*j**4/12 + 2*j**3/3 - 2*j**2. What is l(9)?
-5
Let z(f) = -f**2 + 2*f + 5